{"id":1160,"date":"2023-11-27T09:31:34","date_gmt":"2023-11-27T08:31:34","guid":{"rendered":"https:\/\/www.inesem.es\/territorio-inesem\/?post_type=product&#038;p=1160"},"modified":"2025-06-02T09:39:40","modified_gmt":"2025-06-02T07:39:40","slug":"inteligencia-emocional-claves-para-la-comunicacion-interna-en-la-empresa-del-s-xxi","status":"publish","type":"product","link":"https:\/\/www.inesem.es\/territorio-inesem\/webinars-podcast\/inteligencia-emocional-claves-para-la-comunicacion-interna-en-la-empresa-del-s-xxi","title":{"rendered":"1&#215;14 Inteligencia Emocional. Claves para la Comunicaci\u00f3n Interna en la Empresa del S. XXI"},"content":{"rendered":"<h2><strong>\u00bfQu\u00e9 aprender\u00e1s en este seminario?<\/strong><\/h2>\n<p style=\"text-align: justify;\">El t\u00e9rmino \u201cInteligencia Emocional\u201d fue popularizado por Daniel Goleman en su libro \u201cInteligencia Emocional\u201d publicado en 1995. Seg\u00fan Daniel Goleman la Inteligencia Emocional es: \u201cLa capacidad de reconocer nuestros propios sentimientos, los sentimientos de los dem\u00e1s, motivarnos y manejar adecuadamente las relaciones que sostenemos con los dem\u00e1s y con nosotros mismos\u201d. Por tanto, implica un autoconocimiento emocional profundo y un buen auto-control.<\/p>\n<p style=\"text-align: justify;\">Nuestro estado emocional est\u00e1 siempre presente en todas las relaciones humanas tanto personales como sociales y profesionales. Estamos inmersos y asociados a \u00e9l, por lo que vivimos la realidad desde este punto de vista. La inteligencia emocional es una capacidad que se aprende, se desarrolla y se enriquece a lo largo de la vida.<\/p>\n<p>&nbsp;<\/p>\n<h2><strong>Objetivos:<\/strong><\/h2>\n<ul>\n<li>Reconocer la importancia de establecer y mantener relaciones arm\u00f3nicas con nosotros mismos, en el hogar, en los negocios y en la sociedad.<\/li>\n<li>Ser conscientes de nuestras capacidades y limitaciones.<\/li>\n<li>Reconocer qu\u00e9 transmitimos.<\/li>\n<li>Descubrir c\u00f3mo puede hacer un mejor uso del lenguaje verbal, no verbal y para-verbal para mejorar su comunicaci\u00f3n.<\/li>\n<li>Potenciar tu capacidad de relaci\u00f3n, comunicaci\u00f3n e influencia.<\/li>\n<li>Conocer las herramientas m\u00e1s importantes para la gesti\u00f3n eficaz de tus emociones y de la comunicaci\u00f3n interpersonal.<\/li>\n<\/ul>\n<p>&nbsp;<\/p>\n<h2><strong>\u00bfA qui\u00e9n va dirigido?<\/strong><\/h2>\n<p>A todas aquellas personas que quieran profundizar en el concepto de la inteligencia emocional con la intenci\u00f3n de aplicar los conocimientos adquiridos en su pr\u00e1ctica diaria.<\/p>\n","protected":false},"excerpt":{"rendered":"<p>\u00bfQu\u00e9 aprender\u00e1s en este seminario? El t\u00e9rmino \u201cInteligencia Emocional\u201d fue popularizado por Daniel Goleman en su libro \u201cInteligencia Emocional\u201d publicado en 1995. Seg\u00fan Daniel Goleman la Inteligencia Emocional es: \u201cLa capacidad de reconocer nuestros propios sentimientos, los sentimientos de los dem\u00e1s, motivarnos y manejar adecuadamente las relaciones que sostenemos con los dem\u00e1s y con nosotros [&hellip;]<\/p>\n","protected":false},"featured_media":1362,"comment_status":"open","ping_status":"closed","template":"","meta":{"_acf_changed":false,"site-sidebar-layout":"default","site-content-layout":"default","ast-site-content-layout":"default","site-content-style":"default","site-sidebar-style":"default","ast-global-header-display":"","ast-banner-title-visibility":"","ast-main-header-display":"","ast-hfb-above-header-display":"","ast-hfb-below-header-display":"","ast-hfb-mobile-header-display":"","site-post-title":"","ast-breadcrumbs-content":"","ast-featured-img":"","footer-sml-layout":"","theme-transparent-header-meta":"default","adv-header-id-meta":"","stick-header-meta":"","header-above-stick-meta":"","header-main-stick-meta":"","header-below-stick-meta":"","astra-migrate-meta-layouts":"set","ast-page-background-enabled":"default","ast-page-background-meta":{"desktop":{"background-color":"var(--ast-global-color-4)","background-image":"","background-repeat":"repeat","background-position":"center center","background-size":"auto","background-attachment":"scroll","background-type":"","background-media":"","overlay-type":"","overlay-color":"","overlay-opacity":"","overlay-gradient":""},"tablet":{"background-color":"","background-image":"","background-repeat":"repeat","background-position":"center center","background-size":"auto","background-attachment":"scroll","background-type":"","background-media":"","overlay-type":"","overlay-color":"","overlay-opacity":"","overlay-gradient":""},"mobile":{"background-color":"","background-image":"","background-repeat":"repeat","background-position":"center center","background-size":"auto","background-attachment":"scroll","background-type":"","background-media":"","overlay-type":"","overlay-color":"","overlay-opacity":"","overlay-gradient":""}},"ast-content-background-meta":{"desktop":{"background-color":"var(--ast-global-color-5)","background-image":"","background-repeat":"repeat","background-position":"center center","background-size":"auto","background-attachment":"scroll","background-type":"","background-media":"","overlay-type":"","overlay-color":"","overlay-opacity":"","overlay-gradient":""},"tablet":{"background-color":"var(--ast-global-color-5)","background-image":"","background-repeat":"repeat","background-position":"center center","background-size":"auto","background-attachment":"scroll","background-type":"","background-media":"","overlay-type":"","overlay-color":"","overlay-opacity":"","overlay-gradient":""},"mobile":{"background-color":"var(--ast-global-color-5)","background-image":"","background-repeat":"repeat","background-position":"center center","background-size":"auto","background-attachment":"scroll","background-type":"","background-media":"","overlay-type":"","overlay-color":"","overlay-opacity":"","overlay-gradient":""}}},"product_brand":[],"product_cat":[30],"product_tag":[],"class_list":{"0":"post-1160","1":"product","2":"type-product","3":"status-publish","4":"has-post-thumbnail","6":"product_cat-pasados","7":"desktop-align-center","8":"tablet-align-left","9":"mobile-align-left","11":"first","12":"instock","13":"downloadable","14":"virtual","15":"sold-individually","16":"purchasable","17":"product-type-webinar"},"acf":[],"yoast_head":"<!-- This site is optimized with the Yoast SEO plugin v24.3 - https:\/\/yoast.com\/wordpress\/plugins\/seo\/ -->\n<title>1x14 Inteligencia Emocional. Claves para la Comunicaci\u00f3n Interna en la Empresa del S. XXI - Territorio INESEM<\/title>\n<meta name=\"description\" content=\"Descubre el nuevo contenido en abierto sobre inteligencia emocional de mano de Javier Gay de Li\u00e9bana.\" \/>\n<meta name=\"robots\" content=\"index, follow, max-snippet:-1, max-image-preview:large, max-video-preview:-1\" \/>\n<link rel=\"canonical\" href=\"https:\/\/www.inesem.es\/territorio-inesem\/webinars-podcast\/inteligencia-emocional-claves-para-la-comunicacion-interna-en-la-empresa-del-s-xxi\/\" \/>\n<meta property=\"og:locale\" content=\"es_ES\" \/>\n<meta property=\"og:type\" content=\"article\" \/>\n<meta property=\"og:title\" content=\"1x14 Inteligencia Emocional. Claves para la Comunicaci\u00f3n Interna en la Empresa del S. XXI - Territorio INESEM\" \/>\n<meta property=\"og:description\" content=\"Descubre el nuevo contenido en abierto sobre inteligencia emocional de mano de Javier Gay de Li\u00e9bana.\" \/>\n<meta property=\"og:url\" content=\"https:\/\/www.inesem.es\/territorio-inesem\/webinars-podcast\/inteligencia-emocional-claves-para-la-comunicacion-interna-en-la-empresa-del-s-xxi\/\" \/>\n<meta property=\"og:site_name\" content=\"Territorio INESEM\" \/>\n<meta property=\"article:publisher\" content=\"https:\/\/www.facebook.com\/InesemBusinessSchool\" \/>\n<meta property=\"article:modified_time\" content=\"2025-06-02T07:39:40+00:00\" \/>\n<meta property=\"og:image\" content=\"https:\/\/www.inesem.es\/territorio-inesem\/wp-content\/uploads\/2023\/11\/web-Javier-Gay-de-Liebana.webp\" \/>\n\t<meta property=\"og:image:width\" content=\"1000\" \/>\n\t<meta property=\"og:image:height\" content=\"1000\" \/>\n\t<meta property=\"og:image:type\" content=\"image\/webp\" \/>\n<meta name=\"twitter:card\" content=\"summary_large_image\" \/>\n<meta name=\"twitter:site\" content=\"@inesem\" \/>\n<meta name=\"twitter:label1\" content=\"Tiempo de lectura\" \/>\n\t<meta name=\"twitter:data1\" content=\"2 minutos\" \/>\n<script type=\"application\/ld+json\" class=\"yoast-schema-graph\">{\"@context\":\"https:\/\/schema.org\",\"@graph\":[{\"@type\":\"WebPage\",\"@id\":\"https:\/\/www.inesem.es\/territorio-inesem\/webinars-podcast\/inteligencia-emocional-claves-para-la-comunicacion-interna-en-la-empresa-del-s-xxi\/\",\"url\":\"https:\/\/www.inesem.es\/territorio-inesem\/webinars-podcast\/inteligencia-emocional-claves-para-la-comunicacion-interna-en-la-empresa-del-s-xxi\/\",\"name\":\"1x14 Inteligencia Emocional. Claves para la Comunicaci\u00f3n Interna en la Empresa del S. XXI - Territorio INESEM\",\"isPartOf\":{\"@id\":\"https:\/\/www.inesem.es\/territorio-inesem\/#website\"},\"primaryImageOfPage\":{\"@id\":\"https:\/\/www.inesem.es\/territorio-inesem\/webinars-podcast\/inteligencia-emocional-claves-para-la-comunicacion-interna-en-la-empresa-del-s-xxi\/#primaryimage\"},\"image\":{\"@id\":\"https:\/\/www.inesem.es\/territorio-inesem\/webinars-podcast\/inteligencia-emocional-claves-para-la-comunicacion-interna-en-la-empresa-del-s-xxi\/#primaryimage\"},\"thumbnailUrl\":\"https:\/\/www.inesem.es\/territorio-inesem\/wp-content\/uploads\/2023\/11\/web-Javier-Gay-de-Liebana.webp\",\"datePublished\":\"2023-11-27T08:31:34+00:00\",\"dateModified\":\"2025-06-02T07:39:40+00:00\",\"description\":\"Descubre el nuevo contenido en abierto sobre inteligencia emocional de mano de Javier Gay de Li\u00e9bana.\",\"breadcrumb\":{\"@id\":\"https:\/\/www.inesem.es\/territorio-inesem\/webinars-podcast\/inteligencia-emocional-claves-para-la-comunicacion-interna-en-la-empresa-del-s-xxi\/#breadcrumb\"},\"inLanguage\":\"es\",\"potentialAction\":[{\"@type\":\"ReadAction\",\"target\":[\"https:\/\/www.inesem.es\/territorio-inesem\/webinars-podcast\/inteligencia-emocional-claves-para-la-comunicacion-interna-en-la-empresa-del-s-xxi\/\"]}]},{\"@type\":\"ImageObject\",\"inLanguage\":\"es\",\"@id\":\"https:\/\/www.inesem.es\/territorio-inesem\/webinars-podcast\/inteligencia-emocional-claves-para-la-comunicacion-interna-en-la-empresa-del-s-xxi\/#primaryimage\",\"url\":\"https:\/\/www.inesem.es\/territorio-inesem\/wp-content\/uploads\/2023\/11\/web-Javier-Gay-de-Liebana.webp\",\"contentUrl\":\"https:\/\/www.inesem.es\/territorio-inesem\/wp-content\/uploads\/2023\/11\/web-Javier-Gay-de-Liebana.webp\",\"width\":1000,\"height\":1000},{\"@type\":\"BreadcrumbList\",\"@id\":\"https:\/\/www.inesem.es\/territorio-inesem\/webinars-podcast\/inteligencia-emocional-claves-para-la-comunicacion-interna-en-la-empresa-del-s-xxi\/#breadcrumb\",\"itemListElement\":[{\"@type\":\"ListItem\",\"position\":1,\"name\":\"Portada\",\"item\":\"https:\/\/www.inesem.es\/territorio-inesem\/\"},{\"@type\":\"ListItem\",\"position\":2,\"name\":\"Tienda\",\"item\":\"https:\/\/www.inesem.es\/territorio-inesem\/tienda\"},{\"@type\":\"ListItem\",\"position\":3,\"name\":\"1&#215;14 Inteligencia Emocional. Claves para la Comunicaci\u00f3n Interna en la Empresa del S. XXI\"}]},{\"@type\":\"WebSite\",\"@id\":\"https:\/\/www.inesem.es\/territorio-inesem\/#website\",\"url\":\"https:\/\/www.inesem.es\/territorio-inesem\/\",\"name\":\"Territorio INESEM\",\"description\":\"Webinars y podcast\",\"potentialAction\":[{\"@type\":\"SearchAction\",\"target\":{\"@type\":\"EntryPoint\",\"urlTemplate\":\"https:\/\/www.inesem.es\/territorio-inesem\/?s={search_term_string}\"},\"query-input\":{\"@type\":\"PropertyValueSpecification\",\"valueRequired\":true,\"valueName\":\"search_term_string\"}}],\"inLanguage\":\"es\"}]}<\/script>\n<!-- \/ Yoast SEO plugin. -->","yoast_head_json":{"title":"1x14 Inteligencia Emocional. Claves para la Comunicaci\u00f3n Interna en la Empresa del S. XXI - Territorio INESEM","description":"Descubre el nuevo contenido en abierto sobre inteligencia emocional de mano de Javier Gay de Li\u00e9bana.","robots":{"index":"index","follow":"follow","max-snippet":"max-snippet:-1","max-image-preview":"max-image-preview:large","max-video-preview":"max-video-preview:-1"},"canonical":"https:\/\/www.inesem.es\/territorio-inesem\/webinars-podcast\/inteligencia-emocional-claves-para-la-comunicacion-interna-en-la-empresa-del-s-xxi\/","og_locale":"es_ES","og_type":"article","og_title":"1x14 Inteligencia Emocional. Claves para la Comunicaci\u00f3n Interna en la Empresa del S. XXI - Territorio INESEM","og_description":"Descubre el nuevo contenido en abierto sobre inteligencia emocional de mano de Javier Gay de Li\u00e9bana.","og_url":"https:\/\/www.inesem.es\/territorio-inesem\/webinars-podcast\/inteligencia-emocional-claves-para-la-comunicacion-interna-en-la-empresa-del-s-xxi\/","og_site_name":"Territorio INESEM","article_publisher":"https:\/\/www.facebook.com\/InesemBusinessSchool","article_modified_time":"2025-06-02T07:39:40+00:00","og_image":[{"width":1000,"height":1000,"url":"https:\/\/www.inesem.es\/territorio-inesem\/wp-content\/uploads\/2023\/11\/web-Javier-Gay-de-Liebana.webp","type":"image\/webp"}],"twitter_card":"summary_large_image","twitter_site":"@inesem","twitter_misc":{"Tiempo de lectura":"2 minutos"},"schema":{"@context":"https:\/\/schema.org","@graph":[{"@type":"WebPage","@id":"https:\/\/www.inesem.es\/territorio-inesem\/webinars-podcast\/inteligencia-emocional-claves-para-la-comunicacion-interna-en-la-empresa-del-s-xxi\/","url":"https:\/\/www.inesem.es\/territorio-inesem\/webinars-podcast\/inteligencia-emocional-claves-para-la-comunicacion-interna-en-la-empresa-del-s-xxi\/","name":"1x14 Inteligencia Emocional. Claves para la Comunicaci\u00f3n Interna en la Empresa del S. XXI - Territorio INESEM","isPartOf":{"@id":"https:\/\/www.inesem.es\/territorio-inesem\/#website"},"primaryImageOfPage":{"@id":"https:\/\/www.inesem.es\/territorio-inesem\/webinars-podcast\/inteligencia-emocional-claves-para-la-comunicacion-interna-en-la-empresa-del-s-xxi\/#primaryimage"},"image":{"@id":"https:\/\/www.inesem.es\/territorio-inesem\/webinars-podcast\/inteligencia-emocional-claves-para-la-comunicacion-interna-en-la-empresa-del-s-xxi\/#primaryimage"},"thumbnailUrl":"https:\/\/www.inesem.es\/territorio-inesem\/wp-content\/uploads\/2023\/11\/web-Javier-Gay-de-Liebana.webp","datePublished":"2023-11-27T08:31:34+00:00","dateModified":"2025-06-02T07:39:40+00:00","description":"Descubre el nuevo contenido en abierto sobre inteligencia emocional de mano de Javier Gay de Li\u00e9bana.","breadcrumb":{"@id":"https:\/\/www.inesem.es\/territorio-inesem\/webinars-podcast\/inteligencia-emocional-claves-para-la-comunicacion-interna-en-la-empresa-del-s-xxi\/#breadcrumb"},"inLanguage":"es","potentialAction":[{"@type":"ReadAction","target":["https:\/\/www.inesem.es\/territorio-inesem\/webinars-podcast\/inteligencia-emocional-claves-para-la-comunicacion-interna-en-la-empresa-del-s-xxi\/"]}]},{"@type":"ImageObject","inLanguage":"es","@id":"https:\/\/www.inesem.es\/territorio-inesem\/webinars-podcast\/inteligencia-emocional-claves-para-la-comunicacion-interna-en-la-empresa-del-s-xxi\/#primaryimage","url":"https:\/\/www.inesem.es\/territorio-inesem\/wp-content\/uploads\/2023\/11\/web-Javier-Gay-de-Liebana.webp","contentUrl":"https:\/\/www.inesem.es\/territorio-inesem\/wp-content\/uploads\/2023\/11\/web-Javier-Gay-de-Liebana.webp","width":1000,"height":1000},{"@type":"BreadcrumbList","@id":"https:\/\/www.inesem.es\/territorio-inesem\/webinars-podcast\/inteligencia-emocional-claves-para-la-comunicacion-interna-en-la-empresa-del-s-xxi\/#breadcrumb","itemListElement":[{"@type":"ListItem","position":1,"name":"Portada","item":"https:\/\/www.inesem.es\/territorio-inesem\/"},{"@type":"ListItem","position":2,"name":"Tienda","item":"https:\/\/www.inesem.es\/territorio-inesem\/tienda"},{"@type":"ListItem","position":3,"name":"1&#215;14 Inteligencia Emocional. Claves para la Comunicaci\u00f3n Interna en la Empresa del S. XXI"}]},{"@type":"WebSite","@id":"https:\/\/www.inesem.es\/territorio-inesem\/#website","url":"https:\/\/www.inesem.es\/territorio-inesem\/","name":"Territorio INESEM","description":"Webinars y podcast","potentialAction":[{"@type":"SearchAction","target":{"@type":"EntryPoint","urlTemplate":"https:\/\/www.inesem.es\/territorio-inesem\/?s={search_term_string}"},"query-input":{"@type":"PropertyValueSpecification","valueRequired":true,"valueName":"search_term_string"}}],"inLanguage":"es"}]}},"_links":{"self":[{"href":"https:\/\/www.inesem.es\/territorio-inesem\/wp-json\/wp\/v2\/product\/1160","targetHints":{"allow":["GET"]}}],"collection":[{"href":"https:\/\/www.inesem.es\/territorio-inesem\/wp-json\/wp\/v2\/product"}],"about":[{"href":"https:\/\/www.inesem.es\/territorio-inesem\/wp-json\/wp\/v2\/types\/product"}],"replies":[{"embeddable":true,"href":"https:\/\/www.inesem.es\/territorio-inesem\/wp-json\/wp\/v2\/comments?post=1160"}],"wp:featuredmedia":[{"embeddable":true,"href":"https:\/\/www.inesem.es\/territorio-inesem\/wp-json\/wp\/v2\/media\/1362"}],"wp:attachment":[{"href":"https:\/\/www.inesem.es\/territorio-inesem\/wp-json\/wp\/v2\/media?parent=1160"}],"wp:term":[{"taxonomy":"product_brand","embeddable":true,"href":"https:\/\/www.inesem.es\/territorio-inesem\/wp-json\/wp\/v2\/product_brand?post=1160"},{"taxonomy":"product_cat","embeddable":true,"href":"https:\/\/www.inesem.es\/territorio-inesem\/wp-json\/wp\/v2\/product_cat?post=1160"},{"taxonomy":"product_tag","embeddable":true,"href":"https:\/\/www.inesem.es\/territorio-inesem\/wp-json\/wp\/v2\/product_tag?post=1160"}],"curies":[{"name":"wp","href":"https:\/\/api.w.org\/{rel}","templated":true}]}}