{"id":2598,"date":"2025-01-17T11:30:30","date_gmt":"2025-01-17T10:30:30","guid":{"rendered":"https:\/\/www.inesem.es\/territorio-inesem\/?post_type=product&#038;p=2598"},"modified":"2025-02-18T13:37:20","modified_gmt":"2025-02-18T12:37:20","slug":"211-secretos-de-una-auditoria-seo-transforma-tu-estrategia-digital","status":"publish","type":"product","link":"https:\/\/www.inesem.es\/territorio-inesem\/webinars-podcast\/211-secretos-de-una-auditoria-seo-transforma-tu-estrategia-digital","title":{"rendered":"2\u00d711 Secretos de una Auditor\u00eda SEO: Transforma tu Estrategia Digital"},"content":{"rendered":"<h2><strong>\u00bfQu\u00e9 aprender\u00e1s en este seminario?<\/strong><\/h2>\n<p>En el competitivo entorno digital de hoy, destacar en los resultados de b\u00fasqueda es m\u00e1s importante que nunca. La auditor\u00eda SEO es una herramienta esencial para analizar y optimizar el rendimiento de tu web, asegurando que aproveches al m\u00e1ximo las oportunidades de visibilidad online. En este seminario descubrir\u00e1s c\u00f3mo realizar una auditor\u00eda integral que impulse tu presencia y el crecimiento sostenible de tu negocio.<\/p>\n<p>&nbsp;<\/p>\n<h2><strong>Objetivos:<\/strong><\/h2>\n<ul>\n<li>Comprender la funci\u00f3n de la auditor\u00eda SEO en la estrategia digital.<\/li>\n<li>Conocer las herramientas para realizar auditor\u00edas SEO exhaustivas.<\/li>\n<li>Detectar y corregir problemas t\u00e9cnicos y de contenido para satisfacer las demandas del algoritmo de Google.<\/li>\n<li>Optimizar la experiencia del usuario y la velocidad del sitio web.<\/li>\n<li>Implementar estrategias SEO basadas en datos para mejorar el rendimiento a largo plazo.<\/li>\n<\/ul>\n<p>&nbsp;<\/p>\n<h2><strong>\u00bfA qui\u00e9n va dirigido?<\/strong><\/h2>\n<p>Este seminario est\u00e1 dise\u00f1ado para profesionales de marketing digital, propietarios de negocios, desarrolladores web y cualquier persona interesada en mejorar la visibilidad y rendimiento de un sitio web a trav\u00e9s de la optimizaci\u00f3n SEO.<\/p>\n","protected":false},"excerpt":{"rendered":"<p>\u00bfQu\u00e9 aprender\u00e1s en este seminario? En el competitivo entorno digital de hoy, destacar en los resultados de b\u00fasqueda es m\u00e1s importante que nunca. La auditor\u00eda SEO es una herramienta esencial para analizar y optimizar el rendimiento de tu web, asegurando que aproveches al m\u00e1ximo las oportunidades de visibilidad online. En este seminario descubrir\u00e1s c\u00f3mo realizar [&hellip;]<\/p>\n","protected":false},"featured_media":2602,"comment_status":"open","ping_status":"closed","template":"","meta":{"_acf_changed":false,"site-sidebar-layout":"default","site-content-layout":"","ast-site-content-layout":"default","site-content-style":"default","site-sidebar-style":"default","ast-global-header-display":"","ast-banner-title-visibility":"","ast-main-header-display":"","ast-hfb-above-header-display":"","ast-hfb-below-header-display":"","ast-hfb-mobile-header-display":"","site-post-title":"","ast-breadcrumbs-content":"","ast-featured-img":"","footer-sml-layout":"","theme-transparent-header-meta":"default","adv-header-id-meta":"","stick-header-meta":"","header-above-stick-meta":"","header-main-stick-meta":"","header-below-stick-meta":"","astra-migrate-meta-layouts":"set","ast-page-background-enabled":"default","ast-page-background-meta":{"desktop":{"background-color":"var(--ast-global-color-4)","background-image":"","background-repeat":"repeat","background-position":"center center","background-size":"auto","background-attachment":"scroll","background-type":"","background-media":"","overlay-type":"","overlay-color":"","overlay-opacity":"","overlay-gradient":""},"tablet":{"background-color":"","background-image":"","background-repeat":"repeat","background-position":"center center","background-size":"auto","background-attachment":"scroll","background-type":"","background-media":"","overlay-type":"","overlay-color":"","overlay-opacity":"","overlay-gradient":""},"mobile":{"background-color":"","background-image":"","background-repeat":"repeat","background-position":"center center","background-size":"auto","background-attachment":"scroll","background-type":"","background-media":"","overlay-type":"","overlay-color":"","overlay-opacity":"","overlay-gradient":""}},"ast-content-background-meta":{"desktop":{"background-color":"var(--ast-global-color-5)","background-image":"","background-repeat":"repeat","background-position":"center center","background-size":"auto","background-attachment":"scroll","background-type":"","background-media":"","overlay-type":"","overlay-color":"","overlay-opacity":"","overlay-gradient":""},"tablet":{"background-color":"var(--ast-global-color-5)","background-image":"","background-repeat":"repeat","background-position":"center center","background-size":"auto","background-attachment":"scroll","background-type":"","background-media":"","overlay-type":"","overlay-color":"","overlay-opacity":"","overlay-gradient":""},"mobile":{"background-color":"var(--ast-global-color-5)","background-image":"","background-repeat":"repeat","background-position":"center center","background-size":"auto","background-attachment":"scroll","background-type":"","background-media":"","overlay-type":"","overlay-color":"","overlay-opacity":"","overlay-gradient":""}}},"product_brand":[],"product_cat":[30],"product_tag":[],"class_list":{"0":"post-2598","1":"product","2":"type-product","3":"status-publish","4":"has-post-thumbnail","6":"product_cat-pasados","7":"desktop-align-center","8":"tablet-align-left","9":"mobile-align-left","11":"first","12":"instock","13":"downloadable","14":"virtual","15":"sold-individually","16":"purchasable","17":"product-type-webinar"},"acf":[],"yoast_head":"<!-- This site is optimized with the Yoast SEO plugin v24.3 - https:\/\/yoast.com\/wordpress\/plugins\/seo\/ -->\n<title>2\u00d711 Secretos de una Auditor\u00eda SEO: Transforma tu Estrategia Digital - Territorio INESEM<\/title>\n<meta name=\"description\" content=\"Descubre el nuevo contenido en abierto sobre Secretos de una Auditor\u00eda SEO para transformar tu Estrategia Digital de mano de Pilar Salvador Arenas.\" \/>\n<meta name=\"robots\" content=\"index, follow, max-snippet:-1, max-image-preview:large, max-video-preview:-1\" \/>\n<link rel=\"canonical\" href=\"https:\/\/www.inesem.es\/territorio-inesem\/webinars-podcast\/211-secretos-de-una-auditoria-seo-transforma-tu-estrategia-digital\/\" \/>\n<meta property=\"og:locale\" content=\"es_ES\" \/>\n<meta property=\"og:type\" content=\"article\" \/>\n<meta property=\"og:title\" content=\"2\u00d711 Secretos de una Auditor\u00eda SEO: Transforma tu Estrategia Digital - Territorio INESEM\" \/>\n<meta property=\"og:description\" content=\"Descubre el nuevo contenido en abierto sobre Secretos de una Auditor\u00eda SEO para transformar tu Estrategia Digital de mano de Pilar Salvador Arenas.\" \/>\n<meta property=\"og:url\" content=\"https:\/\/www.inesem.es\/territorio-inesem\/webinars-podcast\/211-secretos-de-una-auditoria-seo-transforma-tu-estrategia-digital\/\" \/>\n<meta property=\"og:site_name\" content=\"Territorio INESEM\" \/>\n<meta property=\"article:publisher\" content=\"https:\/\/www.facebook.com\/InesemBusinessSchool\" \/>\n<meta property=\"article:modified_time\" content=\"2025-02-18T12:37:20+00:00\" \/>\n<meta property=\"og:image\" content=\"https:\/\/www.inesem.es\/territorio-inesem\/wp-content\/uploads\/2025\/01\/Pilar-Salvador-Arenas-Actualizada-scaled.webp\" \/>\n\t<meta property=\"og:image:width\" content=\"2560\" \/>\n\t<meta property=\"og:image:height\" content=\"2560\" \/>\n\t<meta property=\"og:image:type\" content=\"image\/webp\" \/>\n<meta name=\"twitter:card\" content=\"summary_large_image\" \/>\n<meta name=\"twitter:site\" content=\"@inesem\" \/>\n<meta name=\"twitter:label1\" content=\"Tiempo de lectura\" \/>\n\t<meta name=\"twitter:data1\" content=\"1 minuto\" \/>\n<script type=\"application\/ld+json\" class=\"yoast-schema-graph\">{\"@context\":\"https:\/\/schema.org\",\"@graph\":[{\"@type\":\"WebPage\",\"@id\":\"https:\/\/www.inesem.es\/territorio-inesem\/webinars-podcast\/211-secretos-de-una-auditoria-seo-transforma-tu-estrategia-digital\/\",\"url\":\"https:\/\/www.inesem.es\/territorio-inesem\/webinars-podcast\/211-secretos-de-una-auditoria-seo-transforma-tu-estrategia-digital\/\",\"name\":\"2\u00d711 Secretos de una Auditor\u00eda SEO: Transforma tu Estrategia Digital - Territorio INESEM\",\"isPartOf\":{\"@id\":\"https:\/\/www.inesem.es\/territorio-inesem\/#website\"},\"primaryImageOfPage\":{\"@id\":\"https:\/\/www.inesem.es\/territorio-inesem\/webinars-podcast\/211-secretos-de-una-auditoria-seo-transforma-tu-estrategia-digital\/#primaryimage\"},\"image\":{\"@id\":\"https:\/\/www.inesem.es\/territorio-inesem\/webinars-podcast\/211-secretos-de-una-auditoria-seo-transforma-tu-estrategia-digital\/#primaryimage\"},\"thumbnailUrl\":\"https:\/\/www.inesem.es\/territorio-inesem\/wp-content\/uploads\/2025\/01\/Pilar-Salvador-Arenas-Actualizada-scaled.webp\",\"datePublished\":\"2025-01-17T10:30:30+00:00\",\"dateModified\":\"2025-02-18T12:37:20+00:00\",\"description\":\"Descubre el nuevo contenido en abierto sobre Secretos de una Auditor\u00eda SEO para transformar tu Estrategia Digital de mano de Pilar Salvador Arenas.\",\"breadcrumb\":{\"@id\":\"https:\/\/www.inesem.es\/territorio-inesem\/webinars-podcast\/211-secretos-de-una-auditoria-seo-transforma-tu-estrategia-digital\/#breadcrumb\"},\"inLanguage\":\"es\",\"potentialAction\":[{\"@type\":\"ReadAction\",\"target\":[\"https:\/\/www.inesem.es\/territorio-inesem\/webinars-podcast\/211-secretos-de-una-auditoria-seo-transforma-tu-estrategia-digital\/\"]}]},{\"@type\":\"ImageObject\",\"inLanguage\":\"es\",\"@id\":\"https:\/\/www.inesem.es\/territorio-inesem\/webinars-podcast\/211-secretos-de-una-auditoria-seo-transforma-tu-estrategia-digital\/#primaryimage\",\"url\":\"https:\/\/www.inesem.es\/territorio-inesem\/wp-content\/uploads\/2025\/01\/Pilar-Salvador-Arenas-Actualizada-scaled.webp\",\"contentUrl\":\"https:\/\/www.inesem.es\/territorio-inesem\/wp-content\/uploads\/2025\/01\/Pilar-Salvador-Arenas-Actualizada-scaled.webp\",\"width\":2560,\"height\":2560},{\"@type\":\"BreadcrumbList\",\"@id\":\"https:\/\/www.inesem.es\/territorio-inesem\/webinars-podcast\/211-secretos-de-una-auditoria-seo-transforma-tu-estrategia-digital\/#breadcrumb\",\"itemListElement\":[{\"@type\":\"ListItem\",\"position\":1,\"name\":\"Portada\",\"item\":\"https:\/\/www.inesem.es\/territorio-inesem\/\"},{\"@type\":\"ListItem\",\"position\":2,\"name\":\"Tienda\",\"item\":\"https:\/\/www.inesem.es\/territorio-inesem\/tienda\"},{\"@type\":\"ListItem\",\"position\":3,\"name\":\"2\u00d711 Secretos de una Auditor\u00eda SEO: Transforma tu Estrategia Digital\"}]},{\"@type\":\"WebSite\",\"@id\":\"https:\/\/www.inesem.es\/territorio-inesem\/#website\",\"url\":\"https:\/\/www.inesem.es\/territorio-inesem\/\",\"name\":\"Territorio INESEM\",\"description\":\"Webinars y podcast\",\"potentialAction\":[{\"@type\":\"SearchAction\",\"target\":{\"@type\":\"EntryPoint\",\"urlTemplate\":\"https:\/\/www.inesem.es\/territorio-inesem\/?s={search_term_string}\"},\"query-input\":{\"@type\":\"PropertyValueSpecification\",\"valueRequired\":true,\"valueName\":\"search_term_string\"}}],\"inLanguage\":\"es\"}]}<\/script>\n<!-- \/ Yoast SEO plugin. -->","yoast_head_json":{"title":"2\u00d711 Secretos de una Auditor\u00eda SEO: Transforma tu Estrategia Digital - Territorio INESEM","description":"Descubre el nuevo contenido en abierto sobre Secretos de una Auditor\u00eda SEO para transformar tu Estrategia Digital de mano de Pilar Salvador Arenas.","robots":{"index":"index","follow":"follow","max-snippet":"max-snippet:-1","max-image-preview":"max-image-preview:large","max-video-preview":"max-video-preview:-1"},"canonical":"https:\/\/www.inesem.es\/territorio-inesem\/webinars-podcast\/211-secretos-de-una-auditoria-seo-transforma-tu-estrategia-digital\/","og_locale":"es_ES","og_type":"article","og_title":"2\u00d711 Secretos de una Auditor\u00eda SEO: Transforma tu Estrategia Digital - Territorio INESEM","og_description":"Descubre el nuevo contenido en abierto sobre Secretos de una Auditor\u00eda SEO para transformar tu Estrategia Digital de mano de Pilar Salvador Arenas.","og_url":"https:\/\/www.inesem.es\/territorio-inesem\/webinars-podcast\/211-secretos-de-una-auditoria-seo-transforma-tu-estrategia-digital\/","og_site_name":"Territorio INESEM","article_publisher":"https:\/\/www.facebook.com\/InesemBusinessSchool","article_modified_time":"2025-02-18T12:37:20+00:00","og_image":[{"width":2560,"height":2560,"url":"https:\/\/www.inesem.es\/territorio-inesem\/wp-content\/uploads\/2025\/01\/Pilar-Salvador-Arenas-Actualizada-scaled.webp","type":"image\/webp"}],"twitter_card":"summary_large_image","twitter_site":"@inesem","twitter_misc":{"Tiempo de lectura":"1 minuto"},"schema":{"@context":"https:\/\/schema.org","@graph":[{"@type":"WebPage","@id":"https:\/\/www.inesem.es\/territorio-inesem\/webinars-podcast\/211-secretos-de-una-auditoria-seo-transforma-tu-estrategia-digital\/","url":"https:\/\/www.inesem.es\/territorio-inesem\/webinars-podcast\/211-secretos-de-una-auditoria-seo-transforma-tu-estrategia-digital\/","name":"2\u00d711 Secretos de una Auditor\u00eda SEO: Transforma tu Estrategia Digital - Territorio INESEM","isPartOf":{"@id":"https:\/\/www.inesem.es\/territorio-inesem\/#website"},"primaryImageOfPage":{"@id":"https:\/\/www.inesem.es\/territorio-inesem\/webinars-podcast\/211-secretos-de-una-auditoria-seo-transforma-tu-estrategia-digital\/#primaryimage"},"image":{"@id":"https:\/\/www.inesem.es\/territorio-inesem\/webinars-podcast\/211-secretos-de-una-auditoria-seo-transforma-tu-estrategia-digital\/#primaryimage"},"thumbnailUrl":"https:\/\/www.inesem.es\/territorio-inesem\/wp-content\/uploads\/2025\/01\/Pilar-Salvador-Arenas-Actualizada-scaled.webp","datePublished":"2025-01-17T10:30:30+00:00","dateModified":"2025-02-18T12:37:20+00:00","description":"Descubre el nuevo contenido en abierto sobre Secretos de una Auditor\u00eda SEO para transformar tu Estrategia Digital de mano de Pilar Salvador Arenas.","breadcrumb":{"@id":"https:\/\/www.inesem.es\/territorio-inesem\/webinars-podcast\/211-secretos-de-una-auditoria-seo-transforma-tu-estrategia-digital\/#breadcrumb"},"inLanguage":"es","potentialAction":[{"@type":"ReadAction","target":["https:\/\/www.inesem.es\/territorio-inesem\/webinars-podcast\/211-secretos-de-una-auditoria-seo-transforma-tu-estrategia-digital\/"]}]},{"@type":"ImageObject","inLanguage":"es","@id":"https:\/\/www.inesem.es\/territorio-inesem\/webinars-podcast\/211-secretos-de-una-auditoria-seo-transforma-tu-estrategia-digital\/#primaryimage","url":"https:\/\/www.inesem.es\/territorio-inesem\/wp-content\/uploads\/2025\/01\/Pilar-Salvador-Arenas-Actualizada-scaled.webp","contentUrl":"https:\/\/www.inesem.es\/territorio-inesem\/wp-content\/uploads\/2025\/01\/Pilar-Salvador-Arenas-Actualizada-scaled.webp","width":2560,"height":2560},{"@type":"BreadcrumbList","@id":"https:\/\/www.inesem.es\/territorio-inesem\/webinars-podcast\/211-secretos-de-una-auditoria-seo-transforma-tu-estrategia-digital\/#breadcrumb","itemListElement":[{"@type":"ListItem","position":1,"name":"Portada","item":"https:\/\/www.inesem.es\/territorio-inesem\/"},{"@type":"ListItem","position":2,"name":"Tienda","item":"https:\/\/www.inesem.es\/territorio-inesem\/tienda"},{"@type":"ListItem","position":3,"name":"2\u00d711 Secretos de una Auditor\u00eda SEO: Transforma tu Estrategia Digital"}]},{"@type":"WebSite","@id":"https:\/\/www.inesem.es\/territorio-inesem\/#website","url":"https:\/\/www.inesem.es\/territorio-inesem\/","name":"Territorio INESEM","description":"Webinars y podcast","potentialAction":[{"@type":"SearchAction","target":{"@type":"EntryPoint","urlTemplate":"https:\/\/www.inesem.es\/territorio-inesem\/?s={search_term_string}"},"query-input":{"@type":"PropertyValueSpecification","valueRequired":true,"valueName":"search_term_string"}}],"inLanguage":"es"}]}},"_links":{"self":[{"href":"https:\/\/www.inesem.es\/territorio-inesem\/wp-json\/wp\/v2\/product\/2598","targetHints":{"allow":["GET"]}}],"collection":[{"href":"https:\/\/www.inesem.es\/territorio-inesem\/wp-json\/wp\/v2\/product"}],"about":[{"href":"https:\/\/www.inesem.es\/territorio-inesem\/wp-json\/wp\/v2\/types\/product"}],"replies":[{"embeddable":true,"href":"https:\/\/www.inesem.es\/territorio-inesem\/wp-json\/wp\/v2\/comments?post=2598"}],"wp:featuredmedia":[{"embeddable":true,"href":"https:\/\/www.inesem.es\/territorio-inesem\/wp-json\/wp\/v2\/media\/2602"}],"wp:attachment":[{"href":"https:\/\/www.inesem.es\/territorio-inesem\/wp-json\/wp\/v2\/media?parent=2598"}],"wp:term":[{"taxonomy":"product_brand","embeddable":true,"href":"https:\/\/www.inesem.es\/territorio-inesem\/wp-json\/wp\/v2\/product_brand?post=2598"},{"taxonomy":"product_cat","embeddable":true,"href":"https:\/\/www.inesem.es\/territorio-inesem\/wp-json\/wp\/v2\/product_cat?post=2598"},{"taxonomy":"product_tag","embeddable":true,"href":"https:\/\/www.inesem.es\/territorio-inesem\/wp-json\/wp\/v2\/product_tag?post=2598"}],"curies":[{"name":"wp","href":"https:\/\/api.w.org\/{rel}","templated":true}]}}